351345231
In base 9, what is 303857 - -763?
304731
In base 11, what is 118 + -6aa97?
-6a97a
In base 10, what is 4 + -2552930?
-2552926
In base 6, what is -535523 - -5320?
-530203
In base 5, what is -440 - 41402324?
-41403314
In base 14, what is -d65bd57 - -4?
-d65bd53
In base 6, what is 533432125413 - -4?
533432125421
In base 10, what is 52542 - 76?
52466
In base 12, what is -98 + 19245?
19169
In base 9, what is 245118 - 30?
245078
In base 10, what is 39862989 + -5?
39862984
In base 8, what is 152341 - -42430?
214771
In base 5, what is 3204 + -14120440?
-14112231
In base 12, what is -8ba794a1 - 5?
-8ba794a6
In base 16, what is -3 + -31fa54?
-31fa57
In base 9, what is 1230 + -248234?
-247004
In base 7, what is 3254402501 - 0?
3254402501
In base 11, what is -55a6 + -6409?
-10a04
In base 8, what is 533 - -61472?
62225
In base 7, what is 123 - -16203425?
16203551
In base 2, what is -111111110100001 - 1000101000?
-1000000111001001
In base 4, what is -31310210211 - -30?
-31310210121
In base 3, what is 1020101022200 - 1120122?
1020022202001
In base 16, what is 0 - -120b73f?
120b73f
In base 3, what is -1010010111 + -10111212?
-1020122100
In base 5, what is -4 + -1011030312?
-1011030321
In base 12, what is 18b959 + ba?
18ba57
In base 7, what is 4 + 114211661?
114211665
In base 2, what is -10111010110010 + 11100000110?
-10011110101100
In base 16, what is 2e3 - 22d03?
-22a20
In base 13, what is 236 + 1345ba?
134823
In base 13, what is -31a00 - 12a?
-31b2a
In base 12, what is 12b + -a7a13?
-a78a4
In base 15, what is 1049 + -38128?
-370ce
In base 4, what is -1 - -121030320301?
121030320300
In base 8, what is 263063 - -103?
263166
In base 11, what is -35679 + 224?
-35455
In base 16, what is d283 + -38?
d24b
In base 15, what is -24a14e + -26?
-24a175
In base 13, what is -115 - 238c?
-24a4
In base 3, what is 100002 + -1120122022?
-1120022020
In base 11, what is -8362550 - -6?
-8362545
In base 14, what is -2948d2 + 1a5?
-29472b
In base 9, what is 874 - 1846146?
-1845162
In base 5, what is -414204 - -1001?
-413203
In base 15, what is 11ce76e - -4?
11ce773
In base 6, what is 15522 - -10043431?
10103353
In base 12, what is -778 - 2094?
-2850
In base 5, what is -44233030 - -12334?
-44220141
In base 3, what is 120 - 11212001221122?
-11212001221002
In base 7, what is 12204532 - -5?
12204540
In base 3, what is 20120011 - -1020112022?
1111002110
In base 14, what is -41 + 559c9?
55988
In base 11, what is 160 - 86513?
-86363
In base 8, what is -110011 - -2651?
-105140
In base 16, what is -22cbdf5 - -8?
-22cbded
In base 5, what is 0 + 1101244444?
1101244444
In base 14, what is 97aa6c + 1?
97aa6d
In base 7, what is 4 - -14150365?
14150402
In base 5, what is -1203010 - -1024?
-1201431
In base 5, what is -140 - -2023433302?
2023433112
In base 4, what is 33012001121213 - 10?
33012001121203
In base 9, what is -1724 + -22153?
-23877
In base 15, what is -2d - b9e24?
-b9e52
In base 7, what is 3053025 + 231?
3053256
In base 2, what is 101110101110001 - 10010001110?
101100011100011
In base 12, what is -22220b1 - -5?
-22220a8
In base 3, what is -102 - -1001101220?
1001101111
In base 14, what is 6ac919c2 + 4?
6ac919c6
In base 8, what is -5037 + -2303?
-7342
In base 10, what is 4 + 41084553?
41084557
In base 11, what is a50a - -196a?
11379
In base 10, what is -3712 + 4998?
1286
In base 13, what is -11275 + 2a39?
-b539
In base 10, what is -9 - 1665729?
-1665738
In base 10, what is 449359 + 22?
449381
In base 2, what is -101 - -1010001111110000111?
1010001111110000010
In base 12, what is -1b774 - b?
-1b783
In base 8, what is 55 - -2123740?
2124015
In base 15, what is 586b24 + 0?
586b24
In base 8, what is 12506717 + 5?
12506724
In base 14, what is 124873 - -9?
12487c
In base 3, what is 1100010011210200 - -21?
1100010011210221
In base 8, what is -4 + 121266235?
121266231
In base 8, what is -130701644 + -4?
-130701650
In base 3, what is 20 + -100010022222010?
-100010022221220
In base 4, what is -10 + 12001010232?
12001010222
In base 7, what is 2 - -33244665?
33245000
In base 4, what is 10213130 + -23303?
10123221
In base 15, what is -3 + -9b5d3c?
-9b5d40
In base 8, what is 325175220 + -2?
325175216
In base 16, what is -2e57c + 3d?
-2e53f
In base 15, what is 1cad203 + -16?
1cad1dc
In base 9, what is 14277517 - -23?
14277541
In base 7, what is 10516 + 123655?
134504
In base 15, what is -36d01c1 - -11?
-36d01b0
In base 3, what is -102221202201020 + 12?
-102221202201001
In base 8, what is 1657724 + 106?
1660032
In base 6, what is -250350131 + -1?
-250350132
In base 7, what is -33466243 - -2?
-33466241
In base 11, what is -1943923 - -1?
-1943922
In base 8, what is 0 + -6023147?
-6023147
In base 7, what is 311 + -640002?
-636361
In base 13, what is -261b88c + -19?
-261b8a8
In base 4, what is -3 - 3010223113?
-3010223122
In base 7, what is 3110600 - 1462?
3106105
In base 7, what is -21551 - -432622?
411041
In base 14, what is 9d5 - 1b576?
-1a981
In base 4, what is -102030 + -1100022?
-1202112
In base 13, what is -225a1 - -403?
-2219b
In base 15, what is 40b30a - 5?
40b305
In base 3, what is 100 + 222120010210202?
222120010211002
In base 3, what is -100002011201 + -11102?
-100002100010
In base 13, what is 157cb - -c0?
158bb
In base 5, what is 23140210 - -140?
23140400
In base 6, what is -5104143 - -122?
-5104021
In base 14, what is -55 - 11664d0?
-1166545
In base 3, what is 121 - -202210211100110?
202210211101001
In base 2, what is 1100111110110101 + -100101011101?
1100011001011000
In base 8, what is -242411 - -252?
-242137
In base 10, what is 624298 + -27?
624271
In base 14, what is -169 + -9711?
-987a
In base 6, what is 35 + 305113542?
305114021
In base 8, what is 11 + -67671033?
-67671022
In base 3, what is 22001102011 + -22212?
22001002022
In base 3, what is 102212000 + 1112202?
111101202
In base 7, what is -45 - 122133546?
-122133624
In base 7, what is 25003 + 3334?
31340
In base 5, what is 3003212 - 24411?
2423301
In base 10, what is 6027 - -1631?
7658
In base 10, what is 7 - 7124358?
-7124351
In base 16, what is -279 + 2765?
24ec
In base 10, what is 2 - 34477976?
-34477974
In base 9, what is 16286 - 753?
15433
In base 16, what is 1 + -202b84?
-202b83
In base 8, what is 1000403 + 2020?
1002423
In base 14, what is -15d8 - -64b8d?
63595
In base 4, what is 110230 - 223220?
-112330
In base 7, what is 133 + 1442002?
1442135
In base 13, what is -52 + 877b78?
877b26
In base 6, what is 33522110 - 225?
33521441
In base 6, what is 403441 - 5042?
354355
In base 8, what is 4 - -521730266?
521730272
In base 14, what is -a - -501910?
501904
In base 16, what is -13d7f + -bd?
-13e3c
In base 6, what is 11 - -510520121?
510520132
In base 6, what is -325 + 432152124?
432151355
In base 11, what is 5 + 139a9728?
139a9732
In base 9, what is 201231 + -701?
200430
In base 6, what is -231 + -201044531?
-201045202
In base 7, what is 204053 - 302?
203451
In base 2, what is 10101101101011110 - -1010110?
10101101110110100
In base 15, what is 9e4a8 + -41b?
9e08c
In base 6, what is 123 + 5300322?
5300445
In base 9, what is -2400054 + -13?
-2400067
In base 9, what is -112111 - 246?
-112357
In base 3, what is -100001 - -1101222012?
1101122011
In base 5, what is 1041103 + -1111?
1034442
In base 12, what is 0 - 1047b82?
-1047b82
In base 5, what is 23241203133 + 32?
23241203220
In base 5, what is 212224442 + -122?
212224320
In base 2, what is 1100101011 - 11110011010010010?
-11110001101100111
In base 9, what is 32 - 2533527?
-2533485
In base 4, what is -13303302120 - -2?
-13303302112
In base 2, what is -11100110 + 1100100010100100?
1100011110111110
In base 7, what is -1310460651 + 10?
-1310460641
In base 16, what is 5 + 100bce?
100bd3
In base 15, what is 8428e - -e?
8429d
In base 15, what is 317 - -5da08?
5dd20
In base 4, what is 103130 + -1131111?
-1021321
In base 14, what is 3 - -49230a8?
49230ab
In base 3, what is -2 - -2012200120000211?
2012200120000202
In base 15, what is -15a8e53 + 4?
-15a8e4e
In base 14, what is -511b16d + -34?
-511b1a3
In base 14, what is -11c86c + -a7?
-11c935
In base 13, what is -5 + -532544?
-532549
In base 14, what is 670c + 107?
6815
In base 2, what is -1101101101011110110 + -1000101111?
-1101101110100100101
In base 10, what is 188677 + -143?
188534
In base 4, what is 100002 - -222020302?
22